alse
Suppose 2*f + 94 = -204. Let v be ((-9)/(-4))/3 + 2905/(-28). Let p = v - f. Is p composite?
True
Suppose 4*i = f + 116, -5*i + 96 = -2*i - 3*f. Let q = i + -60. Is q/(-1) - -2 - 3 prime?
True
Let a = 64 - 126. Let s = a + 219. Is s a prime number?
True
Let y = -3 - -8. Let x(r) = -17*r**3 + 5*r**2 - 11*r + 7. Let k(f) = -9*f**3 + 2*f**2 - 6*f + 4. Let h(z) = 7*k(z) - 4*x(z). Is h(y) composite?
True
Let j(s) = -2*s + 5*s - 5*s - 2 + 21*s**2. Is j(4) prime?
False
Let f(v) = 2732*v - 309. Is f(14) a composite number?
True
Let h be 4/18 + (-50)/(-18). Let g(w) = w + 52 - 42*w**2 + 5 + 43*w**2 - w**h + 20. Is g(0) a composite number?
True
Let t = -18213 + 33644. Is t a composite number?
True
Suppose -4*s + 5*s - 577 = 0. Suppose -2328 = -4*c - a, -s = -c + 3*a - 2*a. Is c prime?
False
Is (1 + -20812)*40/(-120) a composite number?
True
Let v be 2/3*144/32. Let r(l) = 19*l**2 + l + 7. Is r(v) a prime number?
True
Let h = 5 + -11. Let y(s) be the third derivative of -s**4/3 - s**3/6 + 31*s**2. Is y(h) prime?
True
Let y(k) = 2*k - 3. Let r be (0 + 4)/1 + 1. Let x be y(r). Suppose -4*j - 124 = -4*t, 5*j - 3 = x. Is t a composite number?
True
Let b = -55 - -48. Is (-6)/14 - (4119/b + 1) a composite number?
False
Let g be (6 - 5) + (1 - 2). Let c be (4 + -3 - g)*-4. Is (2/c)/((-4)/344) a prime number?
True
Let i(k) = 464*k**2 + 5*k - 3. Let p(x) = -155*x**2 - 2*x + 1. Let o(n) = -2*i(n) - 7*p(n). Let s be o(3). Let y = s + -1015. Is y a prime number?
True
Is (-33)/110*(-89814)/(-9)*-5 prime?
True
Let d(n) = -n**2 + 8*n - 6. Let c be d(6). Is 4/c*(-207)/(-3) a composite number?
True
Let r(y) = -y**3 - 2*y + 3. Let q be r(0). Suppose -255 = -q*g + 1614. Is g composite?
True
Let t(n) = -3*n - 27. Let c be t(-8). Is c - -7 - (-1)/(3/2601) a composite number?
True
Let q(r) = 22*r**2 - 2*r + 13. Let m be q(12). Let d = 104 + m. Is d a prime number?
False
Let d = -348 - -479. Is d a prime number?
True
Let m(g) = -42*g - 30. Let z be m(-13). Let j = z - 223. Is j a prime number?
True
Suppose -3*f = -0*y - 2*y - 5, f + y - 5 = 0. Suppose 20 = f*b + 8. Suppose 64 = b*w - 1260. Is w a composite number?
False
Suppose 122072 = 87*v - 79*v. Is v composite?
False
Let d(l) = -7*l**3 - 5*l**2 - 47*l + 27. Is d(-10) composite?
False
Let i = 107 + -307. Let j = i - -2173. Is j a composite number?
False
Is (45 + 551)*-3*2/(-8) a prime number?
False
Let f be 1058*(-4)/((-8)/2). Suppose -f = -2*i - 172. Is i prime?
True
Let u(b) = -2*b**3 + 18*b**2 - 24*b - 33. Is u(-19) composite?
False
Suppose -1786 - 1390 = -2*f. Suppose -31*i = -35*i + f. Is i composite?
False
Let m = -82112 + 125115. Is m a composite number?
False
Let o(q) = -q**3 - 15*q**2 - 21*q - 5. Is o(-18) a prime number?
False
Let u(r) = r**3 - 81*r**2 - 35*r - 9. Is u(82) prime?
False
Suppose g - 5 + 3 = 0, 3*v - g - 433 = 0. Suppose z + v = -z - 5*h, 3*h = 5*z + 347. Let o = 103 + z. Is o composite?
True
Suppose 0 = 7*f - 30387 - 30240. Is f composite?
True
Let v(p) = -101*p**2 + 7*p + 12. Let x be v(-3). Let l = x + 3389. Is l prime?
False
Suppose 6 = -4*b - 14, 3354 = j + b. Is j a prime number?
True
Let u(o) = 3 + 4*o + 33*o**2 - 2 + 2. Let t(v) = v**3 - 18*v**2 - 19*v - 2. Let w be t(19). Is u(w) a composite number?
False
Let b(w) = -10*w + 27 + 52*w - 32*w + 374*w**2. Is b(-4) prime?
False
Let o(a) = -10*a - 10. Let u be o(-2). Let m(r) = 5*r**2 - 22. Is m(u) prime?
False
Let p(r) = 195*r**2 + 2*r - 37. Is p(-12) a composite number?
False
Let g(m) = m**2 - m - 1. Let f be g(-2). Suppose -4*w + f*p + 8899 = 0, -w + 476 = 5*p - 1730. Is w composite?
False
Suppose -4*h - 3*i = -30, 16 = 2*h - 0*h + 2*i. Let w(s) = 14*s**2 + s + 1 - 2 - 4*s. Is w(h) composite?
True
Suppose 0 = -5*x - 4*s + 24325, -4*x - 5*s = x - 24330. Is x prime?
True
Let i = 472 + 293. Let j be (0 - 2088)*i/(-20). Is (-2)/5 - j/(-90) a prime number?
True
Suppose 2*u + 3*m + 20 = -3*u, 0 = 5*u - m. Let c be (9/(-6))/(u/2). Suppose r = -c + 7. Is r composite?
True
Is 2/(-3) - (-208658)/102 a prime number?
False
Let k(u) = u + 5. Let w be k(-5). Suppose s + i - 251 = -w*i, 5*s = 4*i + 1300. Suppose -3*m + s = 25. Is m prime?
False
Let d(b) = 28*b**3 - 8*b**2 + 29*b - 12. Is d(5) a prime number?
True
Let m = -458 + 206. Let n = 475 + m. Is n composite?
False
Let t = -1956 + 3294. Suppose -11*i - t = -13*i. Is i a prime number?
False
Suppose 4*g + 9 = 7*g. Suppose -2*p = -l + 2*p + 9, 0 = 5*l - g*p - 28. Suppose l*j - 224 = 6. Is j a composite number?
True
Suppose -3*g + 35 = 4*g. Is -1 + g/7 - (-73700)/308 prime?
True
Let h(u) = -4252*u**3 - u**2 - u + 1. Is h(-1) prime?
True
Let k(g) = 3364*g + 73. Is k(2) prime?
False
Let h(q) = q**3 + 6*q**2 - 8*q - 9. Let c be h(-7). Let p be (-2 - -2)*(-1)/c. Suppose 3*y + 0*y - 369 = p. Is y prime?
False
Let m(v) = -120*v**3 - 2*v**2 - v + 1. Let r be m(-2). Suppose -90*j = -94*j + 8. Suppose 0 = j*a - 7*a + r. Is a composite?
False
Suppose 0*q = -3*q + 39. Let n(i) = -i + 13. Let m be n(q). Suppose -2*s + 5*s + 2*o - 7 = 0, 4*s - 3*o - 15 = m. Is s a prime number?
True
Let x = 11 - 3. Let w(n) = n**2 - 8*n + 4. Let m be w(x). Suppose r - m*j = 107 - 6, 12 = -4*j. Is r a prime number?
True
Let j be 3 + (3 + -3)/5. Suppose 5*h + j*v = -341, -81 = -4*h - 3*v - 352. Let f = h - -123. Is f prime?
True
Let k be 1 - 4 - (1 + 0) - -7. Suppose 2*n + 51 + 33 = 2*l, 2*l + k*n = 69. Is l a composite number?
True
Suppose 3*f = -3*c + 3927, -11*c = 5*f - 10*c - 6549. Let d = 617 + f. Is d prime?
False
Let d(j) = 16*j**3 - 4*j**2 - 1. Suppose 5*t + 3*h = 71, 0 = -0*h - 2*h - 6. Suppose -4*s = n - t, -5*s = n + 3*n - 31. Is d(s) a composite number?
True
Suppose f - d + 1060 = 0, -3*f - 3*d = 2*d + 3148. Let o = -373 - f. Suppose 5*g - o = -118. Is g prime?
True
Let f = 82157 - 57508. Is f a prime number?
False
Suppose -2*o + 4*m = -m - 17, 0 = 4*o + 4*m - 76. Let w(f) = 2*f - 27. Let c be w(o). Suppose c*n - 3*n - 502 = -4*q, -2*q - 1034 = -4*n. Is n a prime number?
True
Let i be 4 - 1/(2/4). Let u be 2539/i + (-6)/(-12). Suppose 2*q - u = -0*q. Is q prime?
False
Is ((-280552)/(-2))/(8/(-4) - -6) prime?
True
Let o be 3 - 0 - (1 - 1). Let y = 88 + -88. Suppose -o*u - 109 + 490 = y. Is u a prime number?
True
Let i be 0 + 1 + 2 + -3. Suppose u - 15 - 38 = i. Is u prime?
True
Suppose -n = -2*n + 3*o + 12, 5*n = 2*o + 60. Let a(g) = 10*g**2 + 15*g - 7. Let j be a(-8). Is -4 + j/(n/4) composite?
False
Let g(r) = 22*r**2 + 166. Is g(-12) a prime number?
False
Is 1492*(7/(-4) + 8/4) a composite number?
False
Let f(s) = -s**2 + 8*s - 2. Let w be f(7). Suppose -53 + 3 = -w*m. Suppose -125 + m = -v. Is v a prime number?
False
Suppose -3*k + 4092 = -0*y + 3*y, 0 = -4*k - y + 5447. Is k a composite number?
False
Let n(m) be the second derivative of m**5/20 - m**4/3 - 3*m**3/2 + 7*m**2/2 + 2*m. Let r be n(6). Let h = r - 10. Is h a prime number?
False
Let n = -1944 + 3403. Is n composite?
False
Suppose -7*b + 11*b = 1064. Let w = b - -267. Suppose 0 = -5*a + w + 962. Is a a composite number?
True
Suppose -12*o = 6 - 30. Let w be 21/(-9)*(-21)/(-1). Is w/(-14)*(o + 2) a composite number?
True
Suppose 582 = u + 3*i, -6 = 5*i - 1. Suppose 4*o - u - 67 = 0. Suppose w - 28 + o = 2*d, 2*d = -2*w + 144. Is d a prime number?
False
Let d(g) = -g**3 - g**2 + 2*g. Let i be d(-2). Let j = 1552 - 1048. Suppose 5*w - 657 = -4*v - 18, i = -4*w + 4*v + j. Is w a prime number?
True
Let y be (-1*(-18 - -3))/1. Is (-2 - (-8694)/y) + 3/(-5) a prime number?
True
Let f be (-3 - 1516)/(-1) + -3. Suppose 0*b + 4*b = f. Is b a composite number?
False
Let k be 4*(4/(-8)*4 + 3). Suppose 0 = -2*x + 2748 - 88. Suppose -x - 18 = -k*d. Is d prime?
True
Let s(d) = 1218*d + 481. Is s(20) a composite number?
False
Let u(k) = -5*k - 751. Let q be u(0). Let m = -410 - q. Is m composite?
True
Suppose -5*a = -h + 9098, -2*h - 2*a + 36414 = 2*h. Suppose 5*k = 2*i + h, -2*k + 7*k = 5*i + 9115. Is k composite?
True
Suppose -5*i - 5*w + 40 = 0, w + 25 = 6*w. Suppose 2*q - 2904 = -q + s, 0 = -5*q + i*s + 4844. Is q prime?
True
Suppose -2*v + 5*t + 1376 + 3991 = 0, t = -2*v + 5361. Is v composite?
True
Suppose -5*w = 2*f - 503, 5*w + 483 = 2*f + 6*w. Let z be 5156/14 + 2/(-7). Let b = z - f. Is b a prime number?
False
Is (-20)/25 - (-6239)/5 prime?
False
Suppose -2*x 